413
What is 233 (base 13) in base 2?
101111100
Convert -56d (base 15) to base 3.
-1200111
Convert -13c69 (base 13) to base 16.
-9193
1050 (base 10) to base 9
1386
Convert -314 (base 7) to base 16.
-9e
-2320 (base 10) to base 5
-33240
2220202 (base 3) to base 5
32001
Convert 14301 (base 5) to base 6.
5321
Convert 2433 (base 5) to base 8.
560
292 (base 14) to base 12
374
-1112002 (base 4) to base 9
-7487
What is 2022021 (base 3) in base 8?
3221
Convert 144a (base 11) to base 8.
3515
Convert 1199 (base 15) to base 14.
1516
What is -221022 (base 3) in base 15?
-308
30364 (base 11) to base 4
22311010
112835 (base 9) to base 12
33258
Convert -10666 (base 9) to base 16.
-1bc3
1d81 (base 15) to base 8
14425
Convert -210200 (base 3) to base 7.
-1464
411 (base 8) to base 14
14d
-10011000000011 (base 2) to base 7
-40241
Convert 13425 (base 8) to base 9.
8085
What is 769 (base 14) in base 3?
2000021
Convert b54 (base 14) to base 6.
14154
Convert -2211 (base 4) to base 5.
-1130
Convert 3176 (base 9) to base 2.
100100100001
12235 (base 7) to base 8
6213
1268 (base 14) to base 13
1614
-10002020 (base 3) to base 6
-14223
Convert -233330 (base 4) to base 6.
-22112
What is -1100011000000111 (base 2) in base 14?
-14691
Convert 10001100011110 (base 2) to base 7.
35132
Convert 101100010100101 (base 2) to base 14.
83ad
-840b (base 12) to base 4
-3201023
Convert 6d4 (base 15) to base 4.
120031
-112201022 (base 3) to base 15
-32a2
38764 (base 9) to base 13
bb8a
111101 (base 4) to base 3
1212102
-111000100010010 (base 2) to base 13
-10238
What is 30310 (base 7) in base 6?
54021
33313 (base 4) to base 3
1101121
What is 1340 (base 6) in base 15?
183
Convert -1477 (base 9) to base 10.
-1123
Convert 15314 (base 7) to base 6.
31442
-46b (base 12) to base 8
-1223
What is 417 (base 13) in base 12?
4a0
What is 3c7b (base 14) in base 8?
24705
Convert 10010001 (base 2) to base 12.
101
What is -1404354 (base 6) in base 13?
-29b0c
Convert -66664 (base 7) to base 2.
-100000110100100
13461 (base 8) to base 9
8126
What is 552 (base 9) in base 2?
111000100
Convert -2111 (base 7) to base 2.
-1011100111
What is -2245 (base 15) in base 3?
-100222002
Convert -53423 (base 6) to base 5.
-213122
-12333 (base 6) to base 8
-3501
Convert 2012202 (base 3) to base 12.
b25
What is 102100 (base 4) in base 16?
490
What is 23002200 (base 4) in base 5?
2421331
36ca (base 14) to base 7
36643
-502 (base 10) to base 13
-2c8
What is 1011010100100 (base 2) in base 8?
13244
-221 (base 10) to base 6
-1005
-10b5 (base 14) to base 16
-b57
Convert 11101 (base 4) to base 8.
521
What is 5242 (base 14) in base 16?
375a
46d (base 15) to base 4
33223
What is -10044 (base 5) in base 13?
-3ac
What is -372b (base 15) in base 2?
-10110111011101
12204 (base 6) to base 3
2110211
What is -27722 (base 10) in base 7?
-143552
Convert -1461 (base 12) to base 16.
-949
Convert -791 (base 16) to base 8.
-3621
Convert -38a8 (base 11) to base 8.
-11727
Convert -1a (base 13) to base 10.
-23
Convert -11063 (base 9) to base 3.
-101002010
Convert -991 (base 10) to base 14.
-50b
What is -1010011000100110 (base 2) in base 6?
-524530
What is 11606 (base 15) in base 4?
31200330
What is 2012011 (base 3) in base 4?
120331
What is 66c (base 15) in base 11?
1100
Convert -1062 (base 9) to base 14.
-401
-301441 (base 5) to base 6
-112313
-1001000101 (base 2) to base 5
-4311
What is 3211 (base 6) in base 3?
222221
What is 1aac (base 13) in base 16?
fbd
What is -122202 (base 3) in base 11?
-3a6
What is -70260 (base 10) in base 7?
-411561
What is -133 (base 6) in base 7?
-111
Convert 11033001 (base 4) to base 2.
101001111000001
Convert 2b3 (base 14) to base 10.
549
Convert 8d5 (base 16) to base 7.
6410
-329 (base 14) to base 4
-21301
1053 (base 9) to base 4
30021
121 (base 10) to base 12
a1
Convert -a1 (base 14) to base 3.
-12020
Convert -31534 (base 9) to base 4.
-11011300
What is -1360 (base 10) in base 4?
-111100
386 (base 13) to base 15
2b2
What is 5a6 (base 16) in base 2?
10110100110
Convert 1124 (base 8) to base 12.
418
Convert 530 (base 6) to base 3.
21100
-52535 (base 6) to base 4
-1233023
Convert d99 (base 14) to base 2.
101001111011
33411 (base 6) to base 11
3581
Convert 39f (base 16) to base 8.
1637
Convert -652a (base 11) to base 16.
-21af
70c0 (base 16) to base 13
101a4
Convert b457 (base 13) to base 2.
110000101010011
-500 (base 7) to base 14
-137
What is -322 (base 12) in base 5?
-3313
-717 (base 16) to base 8
-3427
Convert -34475 (base 8) to base 11.
-10011
Convert -3210 (base 6) to base 5.
-10401
Convert 44027 (base 10) to base 15.
d0a2
3200 (base 4) to base 2
11100000
What is 3213310 (base 4) in base 6?
152404
What is 50d (base 16) in base 12?
8b9
4534 (base 8) to base 15
a9b
What is -1701 (base 14) in base 9?
-5574
Convert 1a59 (base 11) to base 14.
d41
Convert a2 (base 15) to base 2.
10011000
22246 (base 10) to base 7
121600
1431000 (base 5) to base 16
75ad
-11051 (base 9) to base 15
-2291
What is -1a1c (base 16) in base 2?
-1101000011100
1714 (base 9) to base 8
2435
Convert -166 (base 8) to base 11.
-a8
Convert -1222220 (base 3) to base 9.
-1886
Convert -10000101100101001 (base 2) to base 5.
-4142033
Convert -85563 (base 10) to base 8.
-247073
-10002034 (base 5) to base 11
-53998
Convert 10b7 (base 15) to base 12.
2077
Convert -3013330 (base 4) to base 5.
-402141
Convert -816 (base 12) to base 3.
-1121100
-11010110 (base 2) to base 6
-554
What is 1202101 (base 3) in base 11?
a63
What is -30453 (base 6) in base 5?
-112230
Convert -230532 (base 6) to base 10.
-19640
Convert 1cc9 (base 15) to base 12.
3760
What is 3a92 (base 14) in base 15?
30d0
1010010110 (base 2) to base 12
472
-101101001 (base 2) to base 4
-11221
What is 210010000 (base 3) in base 16?
3c1e
What is 185 (base 11) in base 12?
15a
What is -1101111110 (base 2) in base 7?
-2415
Convert -120111 (base 3) to base 12.
-2aa
Convert -36761 (base 9) to base 10.
-24679
What is -1253 (base 10) in base 2?
-10011100101
Convert -1540 (base 16) to base 15.
-192a
54 (base 13) to base 7
126
-717 (base 15) to base 13
-95b
Convert -55e (base 15) to base 8.
-2276
Convert 23305 (base 13) to base 10.
64225
What is -32bd (base 15) in base 10?
-10753
What is 571 (base 13) in base 9?
1251
What is -224 (base 10) in base 13?
-143
What is -36 (base 10) in base 15?
-26
Convert -a6 (base 12) to base 8.
-176
-4551 (base 9) to base 5
-101432
-213 (base 4) to base 11
-36
-b23d (base 16) to base 6
-551125
Convert 328 (base 16) to base 13.
4a2
11010011011000 (base 2) to base 11
a189
What is -3a4 (base 13) in base 8?
-1201
-4277 (base 11) to base 2
-1011000010010
-def (base 16) to base 10
-3567
Convert 40 (base 10) to base 15.
2a
3511 (base 12) to base 2
1011100011101
Convert -10011101 (base 2) to base 11.
-133
Convert 75026 (base 8) to base 11.
21533
What is 300 (base 13) in base 15?
23c
Convert 5727 (base 12) to base 11.
72aa
2112012 (base 3) to base 13
ab8
What is 293 (base 16) in base 4?
22103
Convert 10011111 (base 3) to base 2.
100100000100
Convert -30 (base 8) to base 2.
-11000
What is -112011 (base 3) in base 12?
-27a
What is -100222 (base 3) in base 10?
-269
What is 1212210 (base 3) in base 5?
20441
What is 20032 (base 4) in base 6?
2234
What is c139 (base 15) in base 5?
2301104
Convert 120100 (base 3) to base 9.
510
969 (base 11) to base 16
48c
-31725 (base 8) to base 13
-6069
dcb (base 16) to base 5
103111
-31023 (base 6) to base 13
-1b4b
What is -18446 (base 10) in base 12?
-a812
Convert 4032 (base 5) to base 12.
371
-d96 (base 16) to base 3
-11202211
What is -8284 (base 13) in base 3?
-220201111
Convert -522 (base 10) to base 3.
-201100
15bd (base 14) to base 16
f33
-45340 (base 6) to base 3
-22202220
What is -616 (base 7) in base 15?
-157
What is -b3 (base 13) in base 5?
-1041
What is 359 (base 12) in base 9?
616
-4773 (base 9) to base 3
-11212110
What is -6b9b (base 15) in base 7?
-123452
Convert 127e (base 15) to base 7.
14333
What is -10020 (base 3) in base 12?
-73
-2012311 (base 4) to base 15
-2854
Convert -1220012 (base 3) to base 12.
-972
What is -93 (base 11) in base 14?
-74
What is 21a65 (base 11) in base 9?
47667
Convert -5122 (base 6) to base 12.
-7a2
322011 (base 4) to base 5
104332
What is -12606 (base 7) in base 14?
-133d
Convert -493 (base 13) to base 9.
-1074
Conver